{"id":5179,"date":"2021-05-28T11:14:49","date_gmt":"2021-05-28T09:14:49","guid":{"rendered":"http:\/\/antiguedadespasquin.com\/politica-de-privacitat\/"},"modified":"2021-05-28T11:34:53","modified_gmt":"2021-05-28T09:34:53","slug":"politica-de-privacitat","status":"publish","type":"page","link":"https:\/\/antiguedadespasquin.com\/ca\/politica-de-privacitat\/","title":{"rendered":"Pol\u00edtica de privacitat"},"content":{"rendered":"\t\t<div data-elementor-type=\"wp-page\" data-elementor-id=\"5179\" class=\"elementor elementor-5179 elementor-3\">\n\t\t\t\t\t\t<section class=\"elementor-section elementor-top-section elementor-element elementor-element-7f2c8e9 elementor-section-boxed elementor-section-height-default elementor-section-height-default\" data-id=\"7f2c8e9\" data-element_type=\"section\" data-settings=\"{&quot;architecturer_ext_is_background_parallax&quot;:&quot;false&quot;,&quot;architecturer_ext_is_background_on_scroll&quot;:&quot;false&quot;}\">\n\t\t\t\t\t\t<div class=\"elementor-container elementor-column-gap-default\">\n\t\t\t\t\t<div class=\"elementor-column elementor-col-100 elementor-top-column elementor-element elementor-element-28511ccb\" data-id=\"28511ccb\" data-element_type=\"column\" data-settings=\"{&quot;architecturer_ext_is_mobile_menu&quot;:&quot;false&quot;,&quot;architecturer_ext_is_scrollme&quot;:&quot;false&quot;,&quot;architecturer_ext_is_smoove&quot;:&quot;false&quot;,&quot;architecturer_ext_is_parallax_mouse&quot;:&quot;false&quot;,&quot;architecturer_ext_is_infinite&quot;:&quot;false&quot;,&quot;architecturer_ext_is_fadeout_animation&quot;:&quot;false&quot;}\">\n\t\t\t<div class=\"elementor-widget-wrap elementor-element-populated\">\n\t\t\t\t\t\t<div class=\"elementor-element elementor-element-2a328be elementor-widget elementor-widget-heading\" data-id=\"2a328be\" data-element_type=\"widget\" data-settings=\"{&quot;architecturer_ext_is_mobile_menu&quot;:&quot;false&quot;,&quot;architecturer_ext_is_scrollme&quot;:&quot;false&quot;,&quot;architecturer_ext_is_smoove&quot;:&quot;false&quot;,&quot;architecturer_ext_is_parallax_mouse&quot;:&quot;false&quot;,&quot;architecturer_ext_is_infinite&quot;:&quot;false&quot;,&quot;architecturer_ext_is_fadeout_animation&quot;:&quot;false&quot;}\" data-widget_type=\"heading.default\">\n\t\t\t\t<div class=\"elementor-widget-container\">\n\t\t\t\t\t<h1 class=\"elementor-heading-title elementor-size-default\">Pol\u00edtica de privacitat<\/h1>\t\t\t\t<\/div>\n\t\t\t\t<\/div>\n\t\t\t\t<div class=\"elementor-element elementor-element-4a65f383 elementor-widget elementor-widget-text-editor\" data-id=\"4a65f383\" data-element_type=\"widget\" data-settings=\"{&quot;architecturer_ext_is_mobile_menu&quot;:&quot;false&quot;,&quot;architecturer_ext_is_scrollme&quot;:&quot;false&quot;,&quot;architecturer_ext_is_smoove&quot;:&quot;false&quot;,&quot;architecturer_ext_is_parallax_mouse&quot;:&quot;false&quot;,&quot;architecturer_ext_is_infinite&quot;:&quot;false&quot;,&quot;architecturer_ext_is_fadeout_animation&quot;:&quot;false&quot;}\" data-widget_type=\"text-editor.default\">\n\t\t\t\t<div class=\"elementor-widget-container\">\n\t\t\t\t\t\t\t\t\t<p>Posem en coneixement dels usuaris d&#8217;aquesta p\u00e0gina que la utilitzaci\u00f3 del portal web <a href=\"https:\/\/antiguedadespasquin.com\/\">www.antiguedadespasquin.com<\/a> suposa la total acceptaci\u00f3 de cadascuna de les condicions generals presentades en aquest document, i que l&#8217;acc\u00e9s a la mateixa \u00e9s responsabilitat dels usuaris que la visitin.<\/p>\n<p>Posem a la teva disposici\u00f3 les dades de l&#8217;empresa, com \u00e9s de compliment segons la llei de comer\u00e7 electr\u00f2nic. Antiguedades Pasquin \u00e9s una botiga que t\u00e9 la seva seu en el n\u00famero 145 del carrer Madrazo de Barcelona, propietat de Pedro Pasquin Comalrena de Sobregrau amb NIF 36982517N, tel\u00e8fon de contacte 93 200 67 31 i correu electr\u00f2nic <a href=\"mailto:pedropasquin@gmail.com\">pedropasquin@gmail.com<\/a><\/p>\n<p>L&#8217;usuari es compromet a no utilitzar el web amb finalitats fraudulentes, aix\u00ed com a no dur a terme cap conducta que pugui danyar la imatge, els interessos i els drets de www.antiguedadespasquin.com<\/p>\n<p>L&#8217;usuari es compromet a no realitzar cap acte que pugui danyar, inutilitzar o sobrecarregar el web, o que impedeixi, de qualsevol forma, la seva normal utilitzaci\u00f3 i funcionament.<\/p>\n<p>Antiguedadespasquin es reserva la possibilitat d&#8217;exercir aquestes mesures en el cas que sospiti raonablement que l&#8217;usuari est\u00e0 vulnerant qualsevol dels termes i condicions recollits en els instruments anteriorment esmentats. Finalment, posem en coneixement de l&#8217;usuari que Antiguedadespasquin es reserva, en tot moment, la facultat de decidir sobre la continu\u00eftat, modificaci\u00f3 o eliminaci\u00f3 de la informaci\u00f3 que presenta a trav\u00e9s del web sense previ av\u00eds.<\/p>\n<p>La protecci\u00f3 de dades personals i la utilitzaci\u00f3 de cookies s&#8217;ajusten a la normativa de protecci\u00f3 de dades de car\u00e0cter personal. Pot donar-se per finalitzada la transmissi\u00f3 d&#8217;informaci\u00f3 al client que l&#8217;expressi mitjan\u00e7ant l&#8217;enviament d&#8217;un correu electr\u00f2nic a <a href=\"mailto:pedropasquin@gmail.com\">pedropasquin@gmail.com<\/a> i adjuntant documentaci\u00f3 acreditativa personal (c\u00f2pia del DNI) amb assumpte \u00abprotecci\u00f3 de dades\u00bb.<\/p>\n<p>La nostra utilitzaci\u00f3 de dades ser\u00e0 per a informar de possibles novetats i promocions comercials relacionades amb la nostra activitat comercial i en cap cas seran transmesos a tercers per a altres usos.<\/p>\n<p>Excepte en els casos en qu\u00e8 existeixi autoritzaci\u00f3 pr\u00e8via de Antiguedadespasquin, queden expressament prohibides la reproducci\u00f3, transformaci\u00f3, distribuci\u00f3 o comunicaci\u00f3 p\u00fablica del web.<\/p><\/p>\n\t\t\t\t\t\t\t\t<\/div>\n\t\t\t\t<\/div>\n\t\t\t\t\t<\/div>\n\t\t<\/div>\n\t\t\t\t\t<\/div>\n\t\t<\/section>\n\t\t\t\t<\/div>\n\t\t","protected":false},"excerpt":{"rendered":"<p>Pol\u00edtica de privacitat Posem en coneixement dels usuaris d&#8217;aquesta p\u00e0gina que la utilitzaci\u00f3 del portal web www.antiguedadespasquin.com suposa la total acceptaci\u00f3 de cadascuna de les condicions generals presentades en aquest document, i que l&#8217;acc\u00e9s a la mateixa \u00e9s responsabilitat dels [&hellip;]<\/p>\n","protected":false},"author":1,"featured_media":0,"parent":0,"menu_order":0,"comment_status":"closed","ping_status":"closed","template":"","meta":{"footnotes":""},"class_list":["post-5179","page","type-page","status-publish","hentry"],"yoast_head":"<!-- This site is optimized with the Yoast SEO plugin v24.6 - https:\/\/yoast.com\/wordpress\/plugins\/seo\/ -->\n<title>Pol\u00edtica de privacitat - el Desv\u00e1n de Pedro Pasqu\u00edn<\/title>\n<meta name=\"robots\" content=\"index, follow, max-snippet:-1, max-image-preview:large, max-video-preview:-1\" \/>\n<link rel=\"canonical\" href=\"https:\/\/antiguedadespasquin.com\/ca\/politica-de-privacitat\/\" \/>\n<meta property=\"og:locale\" content=\"ca_ES\" \/>\n<meta property=\"og:type\" content=\"article\" \/>\n<meta property=\"og:title\" content=\"Pol\u00edtica de privacitat - el Desv\u00e1n de Pedro Pasqu\u00edn\" \/>\n<meta property=\"og:description\" content=\"Pol\u00edtica de privacitat Posem en coneixement dels usuaris d&#8217;aquesta p\u00e0gina que la utilitzaci\u00f3 del portal web www.antiguedadespasquin.com suposa la total acceptaci\u00f3 de cadascuna de les condicions generals presentades en aquest document, i que l&#8217;acc\u00e9s a la mateixa \u00e9s responsabilitat dels [&hellip;]\" \/>\n<meta property=\"og:url\" content=\"https:\/\/antiguedadespasquin.com\/ca\/politica-de-privacitat\/\" \/>\n<meta property=\"og:site_name\" content=\"el Desv\u00e1n de Pedro Pasqu\u00edn\" \/>\n<meta property=\"article:modified_time\" content=\"2021-05-28T09:34:53+00:00\" \/>\n<meta name=\"twitter:card\" content=\"summary_large_image\" \/>\n<meta name=\"twitter:label1\" content=\"Temps estimat de lectura\" \/>\n\t<meta name=\"twitter:data1\" content=\"2 minuts\" \/>\n<script type=\"application\/ld+json\" class=\"yoast-schema-graph\">{\"@context\":\"https:\/\/schema.org\",\"@graph\":[{\"@type\":\"WebPage\",\"@id\":\"https:\/\/antiguedadespasquin.com\/ca\/politica-de-privacitat\/\",\"url\":\"https:\/\/antiguedadespasquin.com\/ca\/politica-de-privacitat\/\",\"name\":\"Pol\u00edtica de privacitat - el Desv\u00e1n de Pedro Pasqu\u00edn\",\"isPartOf\":{\"@id\":\"https:\/\/antiguedadespasquin.com\/ca\/#website\"},\"datePublished\":\"2021-05-28T09:14:49+00:00\",\"dateModified\":\"2021-05-28T09:34:53+00:00\",\"breadcrumb\":{\"@id\":\"https:\/\/antiguedadespasquin.com\/ca\/politica-de-privacitat\/#breadcrumb\"},\"inLanguage\":\"ca\",\"potentialAction\":[{\"@type\":\"ReadAction\",\"target\":[\"https:\/\/antiguedadespasquin.com\/ca\/politica-de-privacitat\/\"]}]},{\"@type\":\"BreadcrumbList\",\"@id\":\"https:\/\/antiguedadespasquin.com\/ca\/politica-de-privacitat\/#breadcrumb\",\"itemListElement\":[{\"@type\":\"ListItem\",\"position\":1,\"name\":\"Portada\",\"item\":\"https:\/\/antiguedadespasquin.com\/ca\/\"},{\"@type\":\"ListItem\",\"position\":2,\"name\":\"Pol\u00edtica de privacitat\"}]},{\"@type\":\"WebSite\",\"@id\":\"https:\/\/antiguedadespasquin.com\/ca\/#website\",\"url\":\"https:\/\/antiguedadespasquin.com\/ca\/\",\"name\":\"el Desv\u00e1n de Pedro Pasqu\u00edn\",\"description\":\"\",\"potentialAction\":[{\"@type\":\"SearchAction\",\"target\":{\"@type\":\"EntryPoint\",\"urlTemplate\":\"https:\/\/antiguedadespasquin.com\/ca\/?s={search_term_string}\"},\"query-input\":{\"@type\":\"PropertyValueSpecification\",\"valueRequired\":true,\"valueName\":\"search_term_string\"}}],\"inLanguage\":\"ca\"}]}<\/script>\n<!-- \/ Yoast SEO plugin. -->","yoast_head_json":{"title":"Pol\u00edtica de privacitat - el Desv\u00e1n de Pedro Pasqu\u00edn","robots":{"index":"index","follow":"follow","max-snippet":"max-snippet:-1","max-image-preview":"max-image-preview:large","max-video-preview":"max-video-preview:-1"},"canonical":"https:\/\/antiguedadespasquin.com\/ca\/politica-de-privacitat\/","og_locale":"ca_ES","og_type":"article","og_title":"Pol\u00edtica de privacitat - el Desv\u00e1n de Pedro Pasqu\u00edn","og_description":"Pol\u00edtica de privacitat Posem en coneixement dels usuaris d&#8217;aquesta p\u00e0gina que la utilitzaci\u00f3 del portal web www.antiguedadespasquin.com suposa la total acceptaci\u00f3 de cadascuna de les condicions generals presentades en aquest document, i que l&#8217;acc\u00e9s a la mateixa \u00e9s responsabilitat dels [&hellip;]","og_url":"https:\/\/antiguedadespasquin.com\/ca\/politica-de-privacitat\/","og_site_name":"el Desv\u00e1n de Pedro Pasqu\u00edn","article_modified_time":"2021-05-28T09:34:53+00:00","twitter_card":"summary_large_image","twitter_misc":{"Temps estimat de lectura":"2 minuts"},"schema":{"@context":"https:\/\/schema.org","@graph":[{"@type":"WebPage","@id":"https:\/\/antiguedadespasquin.com\/ca\/politica-de-privacitat\/","url":"https:\/\/antiguedadespasquin.com\/ca\/politica-de-privacitat\/","name":"Pol\u00edtica de privacitat - el Desv\u00e1n de Pedro Pasqu\u00edn","isPartOf":{"@id":"https:\/\/antiguedadespasquin.com\/ca\/#website"},"datePublished":"2021-05-28T09:14:49+00:00","dateModified":"2021-05-28T09:34:53+00:00","breadcrumb":{"@id":"https:\/\/antiguedadespasquin.com\/ca\/politica-de-privacitat\/#breadcrumb"},"inLanguage":"ca","potentialAction":[{"@type":"ReadAction","target":["https:\/\/antiguedadespasquin.com\/ca\/politica-de-privacitat\/"]}]},{"@type":"BreadcrumbList","@id":"https:\/\/antiguedadespasquin.com\/ca\/politica-de-privacitat\/#breadcrumb","itemListElement":[{"@type":"ListItem","position":1,"name":"Portada","item":"https:\/\/antiguedadespasquin.com\/ca\/"},{"@type":"ListItem","position":2,"name":"Pol\u00edtica de privacitat"}]},{"@type":"WebSite","@id":"https:\/\/antiguedadespasquin.com\/ca\/#website","url":"https:\/\/antiguedadespasquin.com\/ca\/","name":"el Desv\u00e1n de Pedro Pasqu\u00edn","description":"","potentialAction":[{"@type":"SearchAction","target":{"@type":"EntryPoint","urlTemplate":"https:\/\/antiguedadespasquin.com\/ca\/?s={search_term_string}"},"query-input":{"@type":"PropertyValueSpecification","valueRequired":true,"valueName":"search_term_string"}}],"inLanguage":"ca"}]}},"_links":{"self":[{"href":"https:\/\/antiguedadespasquin.com\/ca\/wp-json\/wp\/v2\/pages\/5179","targetHints":{"allow":["GET"]}}],"collection":[{"href":"https:\/\/antiguedadespasquin.com\/ca\/wp-json\/wp\/v2\/pages"}],"about":[{"href":"https:\/\/antiguedadespasquin.com\/ca\/wp-json\/wp\/v2\/types\/page"}],"author":[{"embeddable":true,"href":"https:\/\/antiguedadespasquin.com\/ca\/wp-json\/wp\/v2\/users\/1"}],"replies":[{"embeddable":true,"href":"https:\/\/antiguedadespasquin.com\/ca\/wp-json\/wp\/v2\/comments?post=5179"}],"version-history":[{"count":0,"href":"https:\/\/antiguedadespasquin.com\/ca\/wp-json\/wp\/v2\/pages\/5179\/revisions"}],"wp:attachment":[{"href":"https:\/\/antiguedadespasquin.com\/ca\/wp-json\/wp\/v2\/media?parent=5179"}],"curies":[{"name":"wp","href":"https:\/\/api.w.org\/{rel}","templated":true}]}}

Política de privacitat

<div data-elementor-type="wp-page" data-elementor-id="5179" class="elementor elementor-5179 elementor-3">
						<section class="elementor-section elementor-top-section elementor-element elementor-element-7f2c8e9 elementor-section-boxed elementor-section-height-default elementor-section-height-default" data-id="7f2c8e9" data-element_type="section" data-settings="{&quot;architecturer_ext_is_background_parallax&quot;:&quot;false&quot;,&quot;architecturer_ext_is_background_on_scroll&quot;:&quot;false&quot;}">
						<div class="elementor-container elementor-column-gap-default">
					<div class="elementor-column elementor-col-100 elementor-top-column elementor-element elementor-element-28511ccb" data-id="28511ccb" data-element_type="column" data-settings="{&quot;architecturer_ext_is_mobile_menu&quot;:&quot;false&quot;,&quot;architecturer_ext_is_scrollme&quot;:&quot;false&quot;,&quot;architecturer_ext_is_smoove&quot;:&quot;false&quot;,&quot;architecturer_ext_is_parallax_mouse&quot;:&quot;false&quot;,&quot;architecturer_ext_is_infinite&quot;:&quot;false&quot;,&quot;architecturer_ext_is_fadeout_animation&quot;:&quot;false&quot;}">
			<div class="elementor-widget-wrap elementor-element-populated">
						<div class="elementor-element elementor-element-2a328be elementor-widget elementor-widget-heading" data-id="2a328be" data-element_type="widget" data-settings="{&quot;architecturer_ext_is_mobile_menu&quot;:&quot;false&quot;,&quot;architecturer_ext_is_scrollme&quot;:&quot;false&quot;,&quot;architecturer_ext_is_smoove&quot;:&quot;false&quot;,&quot;architecturer_ext_is_parallax_mouse&quot;:&quot;false&quot;,&quot;architecturer_ext_is_infinite&quot;:&quot;false&quot;,&quot;architecturer_ext_is_fadeout_animation&quot;:&quot;false&quot;}" data-widget_type="heading.default">
				<div class="elementor-widget-container">
					<h1 class="elementor-heading-title elementor-size-default">Política de privacitat</h1>				</div>
				</div>
				<div class="elementor-element elementor-element-4a65f383 elementor-widget elementor-widget-text-editor" data-id="4a65f383" data-element_type="widget" data-settings="{&quot;architecturer_ext_is_mobile_menu&quot;:&quot;false&quot;,&quot;architecturer_ext_is_scrollme&quot;:&quot;false&quot;,&quot;architecturer_ext_is_smoove&quot;:&quot;false&quot;,&quot;architecturer_ext_is_parallax_mouse&quot;:&quot;false&quot;,&quot;architecturer_ext_is_infinite&quot;:&quot;false&quot;,&quot;architecturer_ext_is_fadeout_animation&quot;:&quot;false&quot;}" data-widget_type="text-editor.default">
				<div class="elementor-widget-container">
									<p>Posem en coneixement dels usuaris d&#8217;aquesta pàgina que la utilització del portal web <a href="https://antiguedadespasquin.com/">www.antiguedadespasquin.com</a> suposa la total acceptació de cadascuna de les condicions generals presentades en aquest document, i que l&#8217;accés a la mateixa és responsabilitat dels usuaris que la visitin.</p>
<p>Posem a la teva disposició les dades de l&#8217;empresa, com és de compliment segons la llei de comerç electrònic. Antiguedades Pasquin és una botiga que té la seva seu en el número 145 del carrer Madrazo de Barcelona, propietat de Pedro Pasquin Comalrena de Sobregrau amb NIF 36982517N, telèfon de contacte 93 200 67 31 i correu electrònic <a href="mailto:pedropasquin@gmail.com">pedropasquin@gmail.com</a></p>
<p>L&#8217;usuari es compromet a no utilitzar el web amb finalitats fraudulentes, així com a no dur a terme cap conducta que pugui danyar la imatge, els interessos i els drets de www.antiguedadespasquin.com</p>
<p>L&#8217;usuari es compromet a no realitzar cap acte que pugui danyar, inutilitzar o sobrecarregar el web, o que impedeixi, de qualsevol forma, la seva normal utilització i funcionament.</p>
<p>Antiguedadespasquin es reserva la possibilitat d&#8217;exercir aquestes mesures en el cas que sospiti raonablement que l&#8217;usuari està vulnerant qualsevol dels termes i condicions recollits en els instruments anteriorment esmentats. Finalment, posem en coneixement de l&#8217;usuari que Antiguedadespasquin es reserva, en tot moment, la facultat de decidir sobre la continuïtat, modificació o eliminació de la informació que presenta a través del web sense previ avís.</p>
<p>La protecció de dades personals i la utilització de cookies s&#8217;ajusten a la normativa de protecció de dades de caràcter personal. Pot donar-se per finalitzada la transmissió d&#8217;informació al client que l&#8217;expressi mitjançant l&#8217;enviament d&#8217;un correu electrònic a <a href="mailto:pedropasquin@gmail.com">pedropasquin@gmail.com</a> i adjuntant documentació acreditativa personal (còpia del DNI) amb assumpte «protecció de dades».</p>
<p>La nostra utilització de dades serà per a informar de possibles novetats i promocions comercials relacionades amb la nostra activitat comercial i en cap cas seran transmesos a tercers per a altres usos.</p>
<p>Excepte en els casos en què existeixi autorització prèvia de Antiguedadespasquin, queden expressament prohibides la reproducció, transformació, distribució o comunicació pública del web.</p></p>
								</div>
				</div>
					</div>
		</div>
					</div>
		</section>
				</div>

<p>Política de privacitat Posem en coneixement dels usuaris d&#8217;aquesta pàgina que la utilització del portal web www.antiguedadespasquin.com suposa la total acceptació de cadascuna de les condicions generals presentades en aquest document, i que l&#8217;accés a la mateixa és responsabilitat dels [&hellip;]</p>

<!-- This site is optimized with the Yoast SEO plugin v24.6 - https://yoast.com/wordpress/plugins/seo/ -->
<title>Política de privacitat - el Desván de Pedro Pasquín</title>
<meta name="robots" content="index, follow, max-snippet:-1, max-image-preview:large, max-video-preview:-1" />
<link rel="canonical" href="https://antiguedadespasquin.com/ca/politica-de-privacitat/" />
<meta property="og:locale" content="ca_ES" />
<meta property="og:type" content="article" />
<meta property="og:title" content="Política de privacitat - el Desván de Pedro Pasquín" />
<meta property="og:description" content="Política de privacitat Posem en coneixement dels usuaris d&#8217;aquesta pàgina que la utilització del portal web www.antiguedadespasquin.com suposa la total acceptació de cadascuna de les condicions generals presentades en aquest document, i que l&#8217;accés a la mateixa és responsabilitat dels [&hellip;]" />
<meta property="og:url" content="https://antiguedadespasquin.com/ca/politica-de-privacitat/" />
<meta property="og:site_name" content="el Desván de Pedro Pasquín" />
<meta property="article:modified_time" content="2021-05-28T09:34:53+00:00" />
<meta name="twitter:card" content="summary_large_image" />
<meta name="twitter:label1" content="Temps estimat de lectura" />
	<meta name="twitter:data1" content="2 minuts" />
<script type="application/ld+json" class="yoast-schema-graph">{"@context":"https://schema.org","@graph":[{"@type":"WebPage","@id":"https://antiguedadespasquin.com/ca/politica-de-privacitat/","url":"https://antiguedadespasquin.com/ca/politica-de-privacitat/","name":"Política de privacitat - el Desván de Pedro Pasquín","isPartOf":{"@id":"https://antiguedadespasquin.com/ca/#website"},"datePublished":"2021-05-28T09:14:49+00:00","dateModified":"2021-05-28T09:34:53+00:00","breadcrumb":{"@id":"https://antiguedadespasquin.com/ca/politica-de-privacitat/#breadcrumb"},"inLanguage":"ca","potentialAction":[{"@type":"ReadAction","target":["https://antiguedadespasquin.com/ca/politica-de-privacitat/"]}]},{"@type":"BreadcrumbList","@id":"https://antiguedadespasquin.com/ca/politica-de-privacitat/#breadcrumb","itemListElement":[{"@type":"ListItem","position":1,"name":"Portada","item":"https://antiguedadespasquin.com/ca/"},{"@type":"ListItem","position":2,"name":"Política de privacitat"}]},{"@type":"WebSite","@id":"https://antiguedadespasquin.com/ca/#website","url":"https://antiguedadespasquin.com/ca/","name":"el Desván de Pedro Pasquín","description":"","potentialAction":[{"@type":"SearchAction","target":{"@type":"EntryPoint","urlTemplate":"https://antiguedadespasquin.com/ca/?s={search_term_string}"},"query-input":{"@type":"PropertyValueSpecification","valueRequired":true,"valueName":"search_term_string"}}],"inLanguage":"ca"}]}</script>
<!-- / Yoast SEO plugin. -->

Política de privacitat - el Desván de Pedro Pasquín

Política de privacitat Posem en coneixement dels usuaris d&#8217;aquesta pàgina que la utilització del portal web www.antiguedadespasquin.com suposa la total acceptació de cadascuna de les condicions generals presentades en aquest document, i que l&#8217;accés a la mateixa és responsabilitat dels [&hellip;]

el Desván de Pedro Pasquín
